*k - 272. Let u be 31 - (0 - 2 - -4). Let o = k - u. What is the remainder when 74 is divided by o?
36
Suppose 3*l + 156 = 192. What is the remainder when 2123 is divided by l?
11
Let v(b) = b**3 - b**2 - 3*b + 10. Calculate the remainder when 6/(170/(-88) + -1 + 3) is divided by v(0).
8
Let w be ((-12)/(-14))/((-12)/(-112)). Suppose -5*x + w*x - 6 = 0. What is the remainder when (1400/(-60))/(x/(-3)) is divided by 9?
8
Let l = 6506 + -6439. Calculate the remainder when 127 is divided by l.
60
Calculate the remainder when 791 is divided by 1/(21/(-192))*(-2730)/780.
23
Let j = 37100 - 35769. What is the remainder when j is divided by 188?
15
Let c(z) = z**3 - 4*z**2 + 2*z - 6. Let g be c(4). Suppose g*v = 43 + 49. Let u = 806 - 715. Calculate the remainder when u is divided by v.
45
Suppose 19030*b = 19002*b + 448. Calculate the remainder when 1647 is divided by b.
15
Let l be (18/(-15)*1)/((-15)/50). Suppose -378 = -l*b - 3*a, 3*b - 180 = b + 3*a. Calculate the remainder when b is divided by 26.
15
Suppose 15*m = 44 + 91. Suppose -3*w = -h + 27, 0 = w + h + m - 0. What is the remainder when 27 is divided by (6*(-6)/w)/(1/4)?
11
Suppose 0 = -5*u - 33*u - 30*u + 37332. What is the remainder when u is divided by 98?
59
Let v = -28 - -66. Suppose o + v = 87. Let r = 24 - 7. Calculate the remainder when o is divided by r.
15
Let j = -31130 - -31645. What is the remainder when j is divided by 66?
53
Let l = -16 - -21. Suppose -l*k = 5*k - 60. What is the remainder when (k - (-48)/(-3))*(-9)/2 is divided by 17?
11
Let q(y) = y**3 - 2*y**2 - 2*y + 129. Let a be q(0). Let z = -204 + a. Let v = 153 + z. What is the remainder when v is divided by 20?
18
Let u be (16 - 7 - 8)*4/1. Suppose -r = -b + 4*r - 16, -2*b = -u*r + 2. What is the remainder when 106 is divided by b?
7
Let h be (-1 + 0 + -2)/((-15)/(-225)). Let t be (-15 - 0)/((h/6)/5). Let o(p) = 5*p + 17. What is the remainder when o(t) is divided by 18?
13
Calculate the remainder when 8 - (116 + -1)*(-8 + (-120)/(-25)) is divided by 336.
40
Let b(a) = -29*a**2 + 556*a - 12. What is the remainder when b(19) is divided by 2?
1
Suppose 3*m - 1030 = -2*n - 360, 5*n - 649 = -3*m. What is the remainder when m is divided by 93?
42
Let a = 22637 + -22035. Calculate the remainder when a is divided by 27.
8
Suppose 218*v + 2776 = -87*v + 23516. Calculate the remainder when 816 is divided by v.
0
Let r(q) = -q**3 + 6*q**2 + 4*q + 5. Suppose 39*u - 3 = 40*u. What is the remainder when r(6) is divided by 1 + -5 + (5 - (u + -2))?
5
Let a(w) = 15*w + 946. What is the remainder when 1719 is divided by a(-46)?
183
Let q be (-6)/(-6) + -2 + 4. Suppose -65 + 239 = q*n. Calculate the remainder when 112 is divided by n.
54
Let h be (-432)/(-9)*((-22)/8 + 2). What is the remainder when 22 is divided by 15/(-6*6/h)?
7
Let c = 2029 - 1837. What is the remainder when c is divided by 37?
7
What is the remainder when 4/82 + (-5589444)/(-3444) is divided by 163?
156
Let u(y) = 2*y - 17. Let b be u(14). Let x(i) = i + i**2 + 7 - 3*i - 8*i. What is the remainder when 67 is divided by x(b)?
13
Let b = 348 - 69. Let m(o) = o**2 - 14*o - 33. Calculate the remainder when b is divided by m(17).
9
Suppose -44*m + 240 = -14*m. Suppose 10*v - m*v = 34. What is the remainder when 30 is divided by v?
13
Let s = -11785 - -11889. What is the remainder when 4184 is divided by s?
24
Let k(g) = 11*g - 6. What is the remainder when k(4) is divided by 40/(-26)*(-611)/94?
8
Suppose -2*g + 3*f + 10 + 139 = 0, -5*g - 3*f = -404. What is the remainder when 543 is divided by g?
69
Let m(i) = 27*i**2 + 58*i - 404. What is the remainder when m(6) is divided by 224?
20
Let b(k) = -k**3 + 8*k**2 - 3*k + 855. Calculate the remainder when b(0) is divided by 175.
155
Suppose -69369 - 39737 = -4*c - 2*l, -2*c - 4*l + 54562 = 0. What is the remainder when c is divided by 23?
20
Let j be 10967/(-99) - 2/9. Let a = -92 - j. Let u(x) = -x**3 - x**2 + 5*x. What is the remainder when u(-5) is divided by a?
18
Let g(f) = -f**3 + 20*f**2 + 32*f - 1. Calculate the remainder when 420 is divided by g(21).
190
Suppose 5*w + 2*k - 2730 = 0, -2*w - 1659 = -5*w + 3*k. Suppose 0 = -49*t + 383 + w. What is the remainder when 317 is divided by t?
13
Let y(h) = -2*h**2 + 8*h + 17. Let l be y(7). Suppose 7582 = 8*g + 26*g. What is the remainder when g is divided by 5/l - (-562)/10?
55
Suppose 3*t - 3 - 3 = 0. Suppose k - 3*u = -t*u + 28, 4*u = 0. Let n = k - -19. What is the remainder when n is divided by 6?
5
Let i(o) = -8*o + 93. Let x be i(10). Suppose -11*l - 34 = -x*l. Calculate the remainder when l is divided by 10.
7
Let j be (-4)/2 + (-2 - -8). Let t be (24/(-138))/((-8)/92). Suppose 5*k - 77 = j*h, 0*h - 58 = -4*k + t*h. What is the remainder when 28 is divided by k?
2
Suppose 4*l - 5*m + 33 = 0, 0 = 4*l + 3*m - 2*m + 3. What is the remainder when 375 is divided by (l - -14)/(((-16)/(-18))/4)?
51
Let y(l) = -3*l**2 + l**2 + 2 + l - 30*l**3 + 0*l**2. Let h = -5505 + 5504. Calculate the remainder when 115 is divided by y(h).
28
Let m(y) = 4*y**2 - y. Suppose 3*v - 5*v = -2*g + 16, 0 = -4*v. Suppose -2*i = -6*i + g. Calculate the remainder when 123 is divided by m(i).
11
Suppose 3*l - 81 = -2*r, 3*r = 4*l + 28 + 51. Calculate the remainder when 220 is divided by r.
22
Suppose -4*w = 20*w + 1449 - 4521. Calculate the remainder when 1156 is divided by w.
4
Let j = -6529 + 6728. Calculate the remainder when j is divided by 5.
4
Let j be ((112/4)/(-4))/((-1)/(-19)). What is the remainder when (6/(-2) - j) + 3 is divided by ((-32)/112)/(((-12)/357)/4)?
31
Suppose 4*x - 416 = 5*k, -9*x + 8*x + 4*k = -115. What is the remainder when 281 is divided by x?
83
Suppose 2493*m = j + 2498*m - 128, 5*j - 756 = 4*m. What is the remainder when 7547 is divided by j?
147
Let u = 89 + -72. Let z(b) = b - 15. Suppose -3*v - 10 = -5*v. What is the remainder when v is divided by z(u)?
1
Let c be -8 - -11 - ((-2)/(-1) + -1). Suppose 5*g - 15*y + 18*y = 620, c*g = -5*y + 248. What is the remainder when g is divided by 65?
59
Suppose 15295*r = 15301*r - 102. Calculate the remainder when 13242 is divided by r.
16
Suppose -795 = -5*x - 4*h, -x + 31*h - 28*h + 140 = 0. What is the remainder when 477 is divided by x?
12
Let y(w) = -50 - 3*w - w**3 + 4*w**2 - 23*w**2 - 11*w**2 + 7*w**2. Let c be y(-23). Suppose i - 4 - c = 0. What is the remainder when 87 is divided by i?
18
Let k(y) = -y**3 + 15*y**2 - y + 20. Suppose -5*r + 406 = -4*l, 0*r - l = 5*r - 411. Calculate the remainder when r is divided by k(15).
2
Calculate the remainder when 2679 is divided by ((90*1)/(-3))/(132/(-88)).
19
Suppose 2*q + 2*m - 28 = 0, m = -m - 4. Let j = q - 3. Suppose h - j*h = -744. What is the remainder when h is divided by 21?
20
Let d(i) = 2*i**2 - 19*i - 34. What is the remainder when 725 is divided by d(-6)?
117
Let y = -21 + 24. Suppose g + v = -y*g + 44, 0 = 2*v. Suppose w - 124 = 39. What is the remainder when w is divided by g?
9
Let k(s) = -2*s**3 - 113*s**2 - 1264*s + 299. Suppose -3*m + 2*x + 84 = 0, 8*x = -3*m + 4*x + 66. Calculate the remainder when m is divided by k(-41).
2
Let f = -118 - -378. What is the remainder when f is divided by 16?
4
Let p(u) = -u**3 - 9*u**2 + 8*u + 15. Let s be p(-10). Let n = s - 82. Let c = 55 + n. What is the remainder when 29 is divided by c?
5
Let h = -1658 - -1668. Let w(d) = 10*d - 7. What is the remainder when w(5) is divided by h?
3
Let m = -52 + 99. Let s(i) = -8*i + 2. Suppose 0 = 9*q + 1268 - 1241. Calculate the remainder when m is divided by s(q).
21
Suppose 2*b + f = -f, b = -5*f + 4. Let d(g) = 39*g**2 - 3*g - 1. Suppose 2*r = -2, 2*w - 22 = 3*r - 1. What is the remainder when d(b) is divided by w?
5
Suppose 12*s - 22761 = -g, 5*s + 3797 = 7*s - g. What is the remainder when s is divided by 473?
5
Let y = 851 + -826. Calculate the remainder when 133 is divided by y.
8
Suppose -11250 - 20672 = -3*d - 19*d. Calculate the remainder when d is divided by 27.
20
Calculate the remainder when (-4)/3 - 195610/(-930) is divided by 21.
20
Suppose 2*k - 55 = 29. Suppose 0 = 84*y - 96*y. Suppose y = 4*b - 38 - k. Calculate the remainder when 38 is divided by b.
18
Suppose 0 = 2*i - 13 - 37. Suppose -19*x = -2*y - 20*x + 291, -2*x - 454 = -3*y. Calculate the remainder 